{"id":242,"date":"2014-11-23T12:57:18","date_gmt":"2014-11-23T11:57:18","guid":{"rendered":"http:\/\/www.timor-rocks.com\/image-latente\/?page_id=242"},"modified":"2014-11-23T13:38:30","modified_gmt":"2014-11-23T12:38:30","slug":"diffusion","status":"publish","type":"page","link":"https:\/\/www.timor-rocks.com\/image-latente\/diffusion\/","title":{"rendered":"Diffusion"},"content":{"rendered":"<p>En dehors de son propre catalogue, Image Latente aide \u00e0 la diffusion de quelques livres de ses auteurs (auto-\u00e9dit\u00e9s ou parus assez confidentiellement) et a repris le stock des \u00e9ditions Broc\u00e9liande (coll. Les Petits Plis et autres raret\u00e9s de la fin du si\u00e8cle dernier).<\/p>\n<p>Cette rubrique va s&rsquo;\u00e9toffer tranquillement \u00e0 mesure de notre travail d&rsquo;archiviste&#8230;<\/p>\n<h6><em><a href=\"http:\/\/www.timor-rocks.com\/image-latente\/wp-content\/uploads\/2014\/11\/adg-vign-couv.jpg\"><img loading=\"lazy\" decoding=\"async\" class=\"alignleft wp-image-243 size-full\" src=\"http:\/\/www.timor-rocks.com\/image-latente\/wp-content\/uploads\/2014\/11\/adg-vign-couv.jpg\" alt=\"\" width=\"202\" height=\"300\" \/><\/a><\/em><br \/>\n<em> Auteurs de garde<br \/>\n<\/em><\/h6>\n<address>Texte de <strong>Fran\u00e7ois Chaffin, Filip Forgeau, Sabine Mallet<\/strong>, photographies de Carol Kennedy et B.S.<\/address>\n<address> Livre : 128 pages + couverture, format 14 x 20 cm, bichromie, dos carr\u00e9 cousu.<\/address>\n<address>Editions Broc\u00e9liande.<br \/>\nISBN N\u00b0 2-910805-18-2<br \/>\nPrix : 10 \u20ac + 3 \u20ac de port. Sortie en 2003.<\/address>\n<address>En savoir plus, commander : <a title=\"Auteurs de garde\" href=\"http:\/\/www.timor-rocks.com\/image-latente\/diffusion\/auteurs-de-garde\/\">page de l&rsquo;ouvrage<\/a>.<\/address>\n<p>&nbsp;<\/p>\n","protected":false},"excerpt":{"rendered":"<p>En dehors de son propre catalogue, Image Latente aide \u00e0 la diffusion de quelques livres de ses auteurs (auto-\u00e9dit\u00e9s ou parus assez confidentiellement) et a repris le stock des \u00e9ditions Broc\u00e9liande (coll. Les Petits Plis et autres raret\u00e9s de la fin du si\u00e8cle dernier). Cette rubrique va s&rsquo;\u00e9toffer tranquillement \u00e0 mesure de notre travail d&rsquo;archiviste&#8230; &hellip; <a href=\"https:\/\/www.timor-rocks.com\/image-latente\/diffusion\/\" class=\"more-link\">Continuer la lecture de <span class=\"screen-reader-text\">Diffusion<\/span>  <span class=\"meta-nav\">&rarr;<\/span><\/a><\/p>\n","protected":false},"author":1,"featured_media":0,"parent":0,"menu_order":0,"comment_status":"closed","ping_status":"open","template":"","meta":{"footnotes":""},"class_list":["post-242","page","type-page","status-publish","hentry","wpautop"],"_links":{"self":[{"href":"https:\/\/www.timor-rocks.com\/image-latente\/wp-json\/wp\/v2\/pages\/242","targetHints":{"allow":["GET"]}}],"collection":[{"href":"https:\/\/www.timor-rocks.com\/image-latente\/wp-json\/wp\/v2\/pages"}],"about":[{"href":"https:\/\/www.timor-rocks.com\/image-latente\/wp-json\/wp\/v2\/types\/page"}],"author":[{"embeddable":true,"href":"https:\/\/www.timor-rocks.com\/image-latente\/wp-json\/wp\/v2\/users\/1"}],"replies":[{"embeddable":true,"href":"https:\/\/www.timor-rocks.com\/image-latente\/wp-json\/wp\/v2\/comments?post=242"}],"version-history":[{"count":6,"href":"https:\/\/www.timor-rocks.com\/image-latente\/wp-json\/wp\/v2\/pages\/242\/revisions"}],"predecessor-version":[{"id":265,"href":"https:\/\/www.timor-rocks.com\/image-latente\/wp-json\/wp\/v2\/pages\/242\/revisions\/265"}],"wp:attachment":[{"href":"https:\/\/www.timor-rocks.com\/image-latente\/wp-json\/wp\/v2\/media?parent=242"}],"curies":[{"name":"wp","href":"https:\/\/api.w.org\/{rel}","templated":true}]}}